221. List the prime factors of d.
2, 8543
Suppose 9064 = -19*x + 14764. List the prime factors of x.
2, 3, 5
Let g = -63 - -79. Suppose g*v + 834 = 22*v. Let n = 241 - v. What are the prime factors of n?
2, 3, 17
Suppose -78*q + 69271 + 560579 = 177*q. List the prime factors of q.
2, 5, 13, 19
Suppose 12*y - 17*y = -20. Let w(m) = -6*m**2 + 6*m. Let h(b) = 11*b**2 - 11*b - 1. Let i(g) = 6*h(g) + 10*w(g). What are the prime factors of i(y)?
2, 3, 11
Let k = 107 + -102. Suppose -k*f + 869 = 4*u, -2*u + 4*f + 433 = 5*f. List the prime factors of u.
2, 3
Suppose -7538 = -3*k + 3370. What are the prime factors of k?
2, 3, 101
Let t = -12 - 487. Let p = 801 + t. What are the prime factors of p?
2, 151
Let q = -36606 - -62055. List the prime factors of q.
3, 17, 499
Suppose 2*n - 55727 + 14201 = -2*k, -3*k = n - 62285. List the prime factors of k.
13, 1597
Suppose -2*b - 1330 = 5*z - 2*z, 4*b = -2*z - 876. Let s = z - -209. Let i = -122 - s. List the prime factors of i.
5, 23
Suppose -18 = 3*i + 5*s, 5*i - 2*s - 2*s - 7 = 0. Let f(p) = 2*p + 4. Let d be f(i). Suppose d*g - 18 = -4*g. List the prime factors of g.
3
Let h = 241 - 229. Suppose -l + 5 = 10, 0 = z + 4*l + h. List the prime factors of z.
2
Let h be (4 + -7 + 2)*57. Let z = h + 438. List the prime factors of z.
3, 127
Suppose -2*d + 6*n = -162, 679*n - 10 = 681*n. Let y = 1 + 1. Suppose -y*p + d = -114. What are the prime factors of p?
2, 3, 5
Suppose -4*r - 172 = 32. Let q(d) = -139*d**3 - 1. Let i be q(-1). Let n = r + i. List the prime factors of n.
3, 29
Let i(f) be the first derivative of 2*f**3/3 - 3*f**2 - 18*f - 60. List the prime factors of i(-10).
2, 11
Suppose -4*c + 362 = t, t + 91 = 3*c - 177. Let r = 171 - c. Let j = 150 - r. What are the prime factors of j?
3, 23
Suppose 5 = 5*k - 5*f, 15*k + f = 18*k + 5. What are the prime factors of (-6)/2 - k - -143*5?
5, 11, 13
Let g be ((-657)/3)/((-3)/2). Suppose 349 = -3*p - g. Let b = -85 - p. List the prime factors of b.
2, 5
Let w be 0 - 17/((-119)/14196). Suppose 13*t = -w + 7839. What are the prime factors of t?
3, 149
Let t(l) be the second derivative of 9*l**5/20 - l**4/2 - 13*l**2/2 - 36*l. Let y be t(5). What are the prime factors of y/6 - 8/(-12)?
7, 23
Suppose 3*b + w - 23 = 5*w, 4*w = -b - 3. Suppose -p = b*j - 179, 2*j = 3*p - 0*p - 571. What are the prime factors of p?
3, 7
Let n(d) = -28*d - 34. Let g be n(4). Suppose 0 = -2*c - h - 8, -4*h - 4 = -2*h. Let i = c - g. List the prime factors of i.
11, 13
Let x(g) = -3374*g - 296. What are the prime factors of x(-13)?
2, 3, 53, 137
Let t = 21 - -133. Let c be ((-13)/39)/(2/(-6)). Let w = c + t. What are the prime factors of w?
5, 31
Let t(k) = k**3 + 6*k**2 - 33*k - 57. Let p be t(-9). Let v(i) = -1. Let c(r) = -39*r - 6. Let m(w) = c(w) - 5*v(w). List the prime factors of m(p).
2, 29
Let k(g) = -7*g**3 + 12*g**2 + 8*g + 8. Let v(b) = -11*b**2 - 9*b + 0 + 2*b - 7 + 6*b**3. Let w(j) = -5*k(j) - 6*v(j). What are the prime factors of w(4)?
2, 3, 7
Let t = -7625 + 13595. Suppose 3*q = -5*v + t, v - 1016 - 178 = -4*q. List the prime factors of v.
2, 3, 199
Let v(l) = -63*l**2 + 23*l - 59. Let u be v(3). Let y = -342 - u. What are the prime factors of y?
5, 43
Let g = 32553 + -10643. What are the prime factors of g?
2, 5, 7, 313
Let a(x) = x**3 + 50*x**2 + 211*x + 57. What are the prime factors of a(-41)?
5, 1307
What are the prime factors of (-5)/(-7 + 582/83)*(-168)/10?
2, 3, 7, 83
Suppose -n - b = -3062, 0 = n - 73*b + 75*b - 3065. List the prime factors of n.
7, 19, 23
Suppose -12 = 3*r, 2*u + 2*u - 156 = 4*r. Suppose -u*z + 12*z = -21275. What are the prime factors of z?
5, 37
List the prime factors of 4/18 + (-1407560)/(-180) + 8.
2, 19, 103
Let b(l) = 26*l - 473. Let t = -532 + 557. List the prime factors of b(t).
3, 59
Let t(a) = -8*a**2 - 48*a + 3. Let p be t(-6). Suppose -5*c = -3*n + 742 + 544, -3*c = -p*n + 1296. List the prime factors of n.
19, 23
Suppose -7*l + 6*l = -52. Let c be l*(12/(-8) + 0). What are the prime factors of (-3)/((-12)/(-8)) - c?
2, 19
Let g(d) = -8*d - 250. Let q be g(-31). What are the prime factors of ((2568/15)/q)/(8/(-60))?
2, 3, 107
Let x(p) = -16*p**2 - 9*p + 17. Let g(u) = -30*u**2 - 17*u + 33. Let b(i) = -6*g(i) + 11*x(i). What are the prime factors of b(-5)?
2, 37
Let z(a) = -9*a + 47. Let g be z(5). Let q(o) = 170*o - 19. What are the prime factors of q(g)?
3, 107
Let o = -41 - -45. Suppose -v - o = -2*l, 3*v - 4*v = -3*l + 7. What are the prime factors of (1 + (-1)/v)/(3/474)?
79
Suppose -35*c = -30*c - 20. Suppose -4*j + 2*o + o = -267, -5*j = -c*o - 334. Suppose -i + 102 = -j. List the prime factors of i.
2, 3, 7
Let w = -1242 + 2118. Suppose -1294 = -5*b + w. What are the prime factors of b?
2, 7, 31
Suppose 2*m + m + 4*j - 32 = 0, -4*j + 24 = 2*m. Let q be 26/m + (-24)/(-32). Suppose q*b + h = 498, 2*b = -2*h - 0*h + 246. List the prime factors of b.
5
Let r be 12 - 13 - (1 + -53). Let b = 346 + r. List the prime factors of b.
397
Suppose 2*c + 94 = 3*i, 4*c + i - 4*i + 188 = 0. Let v = c + 53. List the prime factors of v*(11 + -9 + (-2)/(-3)).
2
Let c(z) = 5*z**3 + 23*z**2 - 19*z + 10. Let f(m) = 14*m**3 + 66*m**2 - 56*m + 31. Let k(d) = -17*c(d) + 6*f(d). List the prime factors of k(-9).
7, 181
Suppose 3*l - 5109 = 3*w, 0*l + 4*w = -l + 1723. Let u = l - 507. What are the prime factors of u?
2, 3, 5
Let c(q) = -q**3 + 14*q**2 - 1. Suppose -3*x = 2 - 44. Let l be c(x). List the prime factors of (l/(-2)*-1)/((-2)/232).
2, 29
Let w(m) = 27*m - 1 - 12*m - 36 - 14*m - m**2. Let b be w(10). Let g = b + 129. What are the prime factors of g?
2
Let q(w) = -263*w - 4005. List the prime factors of q(-75).
2, 3, 5, 131
Suppose -3*q = -4*b + 2981, -b - 5*q + 2243 = 2*b. Suppose -2528 + b = -9*t. List the prime factors of t.
2, 3, 11
Let z(s) = -18*s - 5. Let v be z(5). Let f(y) = -2*y**3 + 22*y**2 - 32*y + 14. Let b be f(10). Let c = v - b. What are the prime factors of c?
11
Suppose 57*g - 20 = 47*g. Suppose 5*v - g*d - 364 = d, 0 = v - 4*d - 83. What are the prime factors of v?
71
Let a(i) = -i**3 + 40*i**2 - 38*i - 120. List the prime factors of a(32).
2, 857
Suppose 2*d - 9*d - 21 = 0. Let a(t) = 79*t**2 - 6*t - 10. Let y be a(d). Suppose -2*n = -5*u + y, -n + 204 + 366 = 4*u. What are the prime factors of u?
11, 13
Let i(k) = k**3 - 9*k**2 - 9*k - 14. Let x be i(10). Let f be 156 + 0 + 4 + x. Suppose -7*s + f + 131 = 0. List the prime factors of s.
41
Suppose -3*z - 3*g = -2745, -5*z - 42 = 3*g - 4613. List the prime factors of z.
11, 83
Let o(u) = 7*u - 222. Let l be o(34). Suppose -23*w + l*w + 7490 = 0. What are the prime factors of w?
2, 5, 107
Suppose 4*d = 3*v - 21121, v - 2149 = -d + 4889. What are the prime factors of v?
7039
Suppose -5*d = 2*d - 21. Suppose -14 = -d*r - 11. What are the prime factors of (-4 + 27)*(r + (1 - 1))?
23
Let m = -743 + 445. Let t = -206 - m. Suppose 2*d - t = -22. List the prime factors of d.
5, 7
Let i = 1613 - 964. Suppose -531 = -2*s - 4*q + 127, -2*s + 5*q + i = 0. List the prime factors of s.
3, 109
Let d = -4271 - -9577. What are the prime factors of d?
2, 7, 379
Suppose -30*o + 269 - 2399 = 0. Let i = 492 + o. What are the prime factors of i?
421
List the prime factors of 13 + 4/(16/21428).
2, 3, 5, 179
Suppose 4*v + 6 - 22 = 0. Suppose -27 = -v*m + t - 0*t, -m + 2*t = 2. List the prime factors of 3 + 0 - (6 - m).
5
Let r = 193737 + -136472. What are the prime factors of r?
5, 13, 881
Suppose 0 = 4*w - 1454 - 1030. Suppose -5*z - 4*b - 115 = -1133, b + w = 3*z. What are the prime factors of z?
2, 103
List the prime factors of 25626 + 20/(-1) + 0.
2, 7, 31, 59
Let g(p) = -3*p**2 - 55*p + 25. Suppose -179 = 7*c - 102. List the prime factors of g(c).
3, 89
Let z(o) = 2*o**2 + 29*o - 87. Let m be z(13). Suppose 5*d - 1186 = -4*n, d = 5*n - 2125 + m. What are the prime factors of n?
13, 23
Let v be 8/(-24) - (-7494)/(-9). Let k = 2144 + v. What are the prime factors of k?
3, 19, 23
Let m(n) = n**3 + 2*n**2 - 3*n + 8. Let p be m(-4). Let t be -3*(3 + 56/p). Suppose 0 = 2*x, t*i - 5*x - 348 = i. List the prime factors of i.
3, 29
Let k(p) = 5*p - 190. Let t be k(37). List the prime factors of (-2)/t - (-9408)/30.
2, 157
Suppose -557*r + 566*r = 0. Suppose -9*t + 791 + 955 = r. What are the prime